) = -11*q**2 - 104*q - 120*q + 476*q - 12 - 113*q + q**3 - 119*q. Calculate b(9).
6
Let r(k) = 77*k + 363. Let d(a) = -26*a - 119. Let y(s) = -8*d(s) - 3*r(s). Determine y(-6).
1
Let s be 2/(-8)*(1 + 35). Let h(m) = 2*m + 5. Calculate h(s).
-13
Let n be 12/15*70/(-28). Let d(g) = 7*g. Determine d(n).
-14
Let o(u) be the first derivative of -11*u**4/4 + u**3/3 + 123. What is o(-1)?
12
Let v(x) = 2*x - 6. Let i be v(16). Let a = i - 22. Suppose -a + 2 = 2*m, 4*m = -3*f + 17. Let h(l) = l - 7. What is h(f)?
0
Let v(b) = -20 - 17 + 2*b + 22*b**2 + 37 - 23*b**2. Determine v(1).
1
Suppose 2*t + 0 = -8. Let i be 21/35 + (-14)/(-10). Let c(j) = -2*j - 7*j**2 - 8*j**2 + 14*j**i + 3. Give c(t).
-5
Let z = -21 + 27. Let b(a) = 6*a + 0*a + 7 - 6*a - 2*a. What is b(z)?
-5
Let r = -641 + 648. Let i(f) = f - 2. What is i(r)?
5
Suppose -25 = -12*s + 83. Let f(q) = -q + 11. Calculate f(s).
2
Let s(y) = 134 + 139 + 0*y - y**3 - 4*y - 276 + 10*y**2. Give s(10).
-43
Let c(r) = 8*r - 67. Let i be c(9). Let d(q) = q**2 - 6*q - 7. Determine d(i).
-12
Let j be 0 + 25/10*2. Let r(o) = -3*o - j*o - 22*o. Give r(-1).
30
Let x be (3/2)/(2/(-8)). Let t(k) = 5*k**2 + 12*k + 1. Let u = 16 - 21. Let n(d) = 6*d**2 + 13*d + 2. Let c(j) = u*t(j) + 4*n(j). What is c(x)?
15
Let d(l) = -l**2 - 3*l - 2. Let b = 76 - 73. Calculate d(b).
-20
Let m(z) = 6 - 3 - 3*z + 3. Let q be (-2)/13 - 864/(-208). Determine m(q).
-6
Let c be ((-34)/(-51))/((-10)/3 - -3). Let b(q) = 3*q + 4. Let f(v) = -10*v - 11. Let i(z) = -8*b(z) - 3*f(z). Calculate i(c).
-11
Let c(q) = -2 + 3 - q + 4*q. Let g(t) = -t + 12. Let p be g(-4). Suppose 4*m + 0*m = -p. Calculate c(m).
-11
Suppose 3*z = 8*z - 4*m - 33, 0 = -5*z + m + 42. Suppose 71 = 8*w - z. Let d(n) = -n + 8. Determine d(w).
-2
Let r = -163 - -162. Suppose -3*m + 9 = -0. Let s(q) = 2*q + m - 7*q - 2. Determine s(r).
6
Let c(w) = -w**2 + 6*w - 5. Suppose -12 = -9*p + 5*p. Let a be 1 - -6 - (-1 + p). What is c(a)?
0
Let g(l) = -l**2 + l + 2. Let v be g(0). Let d be (-1)/2 + 7/v. Suppose -5*m = d + 12. Let r(k) = k**3 + 2*k**2 - 2*k + 3. Give r(m).
0
Let j(c) = -6*c**3 + c**2 + c - 1. Let l(p) = p**2 - 4*p - 4. Let i be l(5). Let s = 0 + i. Suppose -3*r - s = -4*r. Calculate j(r).
-5
Let h(d) = -d**2 + 2*d + 2. Suppose 5*o - 9 = -2*v + 12, -9 = -3*v. Suppose w = -5*r - 11, 7*r = 4*r + 3*w - o. Give h(r).
-6
Let y(i) be the third derivative of -i**4/8 + 34*i**2 - 3. Give y(-9).
27
Let n(h) = 10*h + 65. Let t = -17 + 11. Let s(b) = b + 6. Let j(k) = t*n(k) + 65*s(k). Determine j(3).
15
Let g(q) = 2*q + 3. Let t(f) = -10*f - 170. Let m be t(-17). What is g(m)?
3
Let c(n) = -n**3 + 6*n**2 - 5*n - 6. Suppose 5*f - 6*f = 3. Let m be 3*(f - -4)/1 - -2. Give c(m).
-6
Let s(o) = 4*o**2 + 258 + 4*o**3 - 260 - 4*o - 6*o**2. Give s(-2).
-34
Let u(l) = -l**2 - 7*l + 8. Let t = 75 + -82. Determine u(t).
8
Let c be 8 + -3 + (-4)/(-2). Let d(i) be the first derivative of -i**4/4 + 8*i**3/3 - 7*i**2/2 - 4*i - 3. What is d(c)?
-4
Suppose -2*c = a - 13, -3*c + 7 = -a - 0. Let n(b) = -2*b**2 + 5*b + 4. Determine n(c).
-8
Let x(s) = s - 2 + 2 + 0. Let a be 5*-5 + (-16)/(-8). Let w = a + 27. Give x(w).
4
Let l(h) = h**3 - 2 - 9*h + 5*h**2 + 0*h + 6*h - 6*h**2. Calculate l(-2).
-8
Let i(z) = z**3 - 4*z**2 + 2. Let m(d) = 4*d**3 - 27*d**2 - 7*d + 5. Let p(c) = -5*i(c) + m(c). Suppose 2*l + 12 = -0*l. Determine p(l).
1
Let h(g) = 5*g**3 - 2*g**2 + 3*g + 4. Let t(i) = 4*i**3 - 3*i**2 + 2*i + 5. Let p(x) = -3*h(x) + 4*t(x). Suppose 5*d + 6 - 16 = -4*m, m = -3*d + 13. Give p(d).
2
Let p(m) = -m**3 + 5*m**2 + 3*m + 2. Let x be p(5). Suppose -d - v - 2 + 0 = 0, d = 2*v - x. Let j(z) = -z - 7. Give j(d).
0
Let b be 1 - (-1*6 - -2). Suppose 0 = b*o - 0*o - 15. Suppose -17 = -o*c - 2*q, -4*c + 38 = 2*q - 7*q. Let h(p) = p**2 - 5*p - 7. What is h(c)?
7
Let a(g) = -g - 2. Suppose 0*k + 5*h = k + 17, -2*k = 2*h - 14. Suppose -k*x - 4 = 2*q, 4*q + 15 - 39 = 2*x. Calculate a(x).
2
Let b(x) = 2*x - 1. Let a be b(5). Suppose 4*l = 3*n, 0*l - a = -3*n + l. Let o(c) = -4*c + 3. Calculate o(n).
-13
Let u(p) = p**2 + 11*p + 9. Let q = 120 - 130. What is u(q)?
-1
Let u = -22 - -37. Suppose -4*t = 2 + 30. Let j = u + t. Let w(r) = -2*r + 9. Give w(j).
-5
Let i(g) = g**3 - 7*g**2 + 6*g - 4. Let h be 5 + -10 + (2 - -8). Calculate i(h).
-24
Let i be (3/(-6))/(2/(-8)). Let q(c) = -c**2 + c**i - 4 + 2 + c + 2*c**2. Calculate q(-2).
4
Let v(t) be the second derivative of 1/2*t**2 - 3*t + 0*t**3 + 1/12*t**4 + 1/20*t**5 + 0. Give v(0).
1
Let k be 12*(-5)/(-105) - (-177)/21. Let o(a) = -5*a + 5. Let b(j) = 11*j - 11. Let i(s) = k*o(s) + 4*b(s). Calculate i(-3).
4
Let n(q) = -q**2 - 8. Let f(o) = o**2 + 37*o + 7 + 37*o - 74*o. Let d(x) = -4*f(x) - 3*n(x). What is d(0)?
-4
Let g(w) = 15*w - 25. Let o(k) = -17*k + 28. Let u(h) = 7*g(h) + 6*o(h). Calculate u(-3).
-16
Let o(w) = -2*w + 6. Suppose 3*g - 24 = 6. Suppose -2*l + 0 - g = 0. Calculate o(l).
16
Let a(q) = -64*q + 197*q - 70*q - 65*q. Let p = -8 + 10. What is a(p)?
-4
Suppose g - 8 = -g. Suppose -4 = g*r + p, p - 4 = r - 8. Let s(d) = d**2 + d + 14. Calculate s(r).
14
Let f(u) be the third derivative of 0*u - 1/60*u**5 + 1/12*u**4 - 1/2*u**3 - 2*u**2 + 0. Let y = -5 + 8. Determine f(y).
-6
Let u be 1/(-2) - 20/(-8) - -3. Let d(y) be the third derivative of -y**2 - 1/120*y**6 + 0 + 0*y - 1/60*y**u - 11/6*y**3 - 1/24*y**4. Determine d(0).
-11
Suppose -3*l + 9 = -27. Let w(s) = s**2 - 12*s - 7. Let z be w(l). Let f(j) be the first derivative of -j**3/3 - 4*j**2 - 23. What is f(z)?
7
Let k(q) = q**2 - 34*q + 89. Let l be k(3). Let j(d) = 2*d + 4*d**3 + 5*d**2 - 3*d**3 + d - 2. Determine j(l).
2
Let d(y) = y**2 + 6 + 0 - 13 - y**3 + 8 + 3*y. Determine d(-3).
28
Suppose 0*x = -x - 4*y - 9, 0 = 2*x - y. Let c(s) = 18*s**2 - 9*s**2 + 0*s + s. Give c(x).
8
Let d(a) be the second derivative of -a**5/10 - a**4/6 - a**3/6 + 506*a. Let b(s) = s + 5. Let k be b(-6). Give d(k).
1
Let p(f) = f**3 + 9*f**2 - 8*f + 2. Let v be 30*14/(-21)*2/4. Give p(v).
-18
Let b(m) = -m**2 - 5*m - 1. Let j(q) = -q**3 + 6*q**2 - q + 14. Let z be j(7). Let h be (z/(-9))/7*3. Suppose h*w + w - 4*a = 2, -4*w - a - 10 = 0. Give b(w).
5
Let g(f) = -f**2 + 8*f - 19. Let x be g(5). Let q(s) = -3*s**2 + 10*s + 2. Let o(j) = -5*j**2 + 19*j + 3. Let l(z) = 4*o(z) - 7*q(z). Calculate l(x).
-10
Let c(a) = -5 - 1 - 115*a**2 - 5*a + 121*a**2 - a**3. Let w be (-2 - 4/(-5))*-5. Let x be (-1 - 2)*(-10)/w. Give c(x).
-6
Let a be (-624 - -622)/((-1)/1 + -1). Let p(k) = -62*k**3 + 2*k**2 - 3*k + 2. What is p(a)?
-61
Let b(p) = -8*p**2 + p. Let s be 4/14 - 445/(-35). Suppose -5*v + s = -w - 2*w, 3*v = 4*w + 10. Determine b(w).
-9
Let s(l) = 6*l**2 - l - 4. Let i(q) = 11*q**2 - q - 7. Let t be (-67)/(-13) - (-5 - (-335)/65). Let p(r) = t*s(r) - 3*i(r). Determine p(2).
-15
Let c(s) = -s**2 - 16. Suppose -4*m + 1 = -3*j + 10, 0 = 5*m + 3*j - 9. Determine c(m).
-16
Let p = 4 + -2. Let k(j) = j**p + 2 - 7*j + 7*j + 2. Give k(0).
4
Let z(k) = -21*k + 19*k - 184 + 185. What is z(4)?
-7
Let p(q) = -q + 1. Let f(b) be the second derivative of 2*b**3 - 15*b**2/2 - 10*b. Let x(v) = f(v) + 15*p(v). Determine x(6).
-18
Let l(y) = -2*y**2 - 3 + 3*y**3 - 4*y**2 + 2*y - 2*y**3. Suppose 41*s + 665 = 174*s. Give l(s).
-18
Let j(h) = 7 + h - 9*h - 483*h**2 - 480*h**2 + 962*h**2. Determine j(-9).
-2
Let d(q) = 7 - 2 - q + 3 - 11. Let i be (1 + 4)*(-4 + 3). Determine d(i).
2
Let a(x) be the third derivative of 12*x**2 - 1/8*x**4 + 0*x + 0 + 1/3*x**3. Calculate a(2).
-4
Let k(w) = w + 2. Suppose 0 = -3*f - 63 + 15. Let s be (-13 - f)/((-6)/(-4)). Suppose -3*d + 3 = s*y + y, 7 = -y + d. Calculate k(y).
-1
Let y = -1627 + 1621. Let q(v) = -v**2 - 2*v + 12. What is q(y)?
-12
Let y be (16/(-24))/((-2 - 2)/12). Let x(l) = -2*l**3 - 2*l**2 + 4*l - 3. What is x(y)?
-19
Let o(i) = -i + 1. Let a be 11 + -4 - (-2 + 6). Let z(t) = -2*t - 6. Let j(u) = a*o(u) - z(u). Let d(c) = -c + 4. Let n(v) = -5*d(v) + 2*j(v). Calculate n(2).
4
Let d(s) be the second derivative of 2*s**4/3 - s**3/2 + 3*s**2/2 + 487*s. Calculate d(1).
8
Let m(k) = 2 + 0*k**2 - k**3 - 3*k**2 - k**2. Let s = -495 + 492. What is m(s)?
-7
Let t(s) = 7*s**2 - s. Let c be t(1). Let r(y) = 11 + 5 - 2*y - 13 + 0*y. Determine r(c).
-9
Let y(c) = 14*c - 222. Let p be y(16). Le